{"id":2341,"date":"2014-02-27T10:18:02","date_gmt":"2014-02-27T13:18:02","guid":{"rendered":"http:\/\/argentinamunicipal.com.ar\/argentina\/wp-content\/uploads\/2014\/02\/descarga-15.jpeg"},"modified":"2014-02-27T10:18:02","modified_gmt":"2014-02-27T13:18:02","slug":"descarga-1-8","status":"inherit","type":"attachment","link":"http:\/\/argentinamunicipal.com.ar\/argentina\/los-barrios-del-norte-de-la-ciudad-de-santa-fe-aislados-por-el-mal-estado-de-las-calles\/descarga-1-8\/","title":{"rendered":"descarga (1)"},"author":1,"featured_media":0,"comment_status":"closed","ping_status":"closed","template":"","meta":[],"class_list":["post-2341","attachment","type-attachment","status-inherit","hentry"],"description":{"rendered":"<p class=\"attachment\"><a href='http:\/\/argentinamunicipal.com.ar\/argentina\/wp-content\/uploads\/2014\/02\/descarga-15.jpeg'><img loading=\"lazy\" decoding=\"async\" width=\"609\" height=\"407\" src=\"http:\/\/argentinamunicipal.com.ar\/argentina\/wp-content\/uploads\/2014\/02\/descarga-15.jpeg\" class=\"attachment-full size-full\" alt=\"\" srcset=\"http:\/\/argentinamunicipal.com.ar\/argentina\/wp-content\/uploads\/2014\/02\/descarga-15.jpeg 609w, http:\/\/argentinamunicipal.com.ar\/argentina\/wp-content\/uploads\/2014\/02\/descarga-15-300x200.jpeg 300w\" \/><\/a><\/p>\n"},"caption":{"rendered":"<p>DESDE 2006. HACE OCHO A\u00d1OS QUE SE CRE\u00d3, Y LAS OBRAS Y SERVICIOS A\u00daN NO LLEGAN.<\/p>\n"},"alt_text":"","media_type":"image","mime_type":"image\/jpeg","media_details":{"width":609,"height":407,"file":"2014\/02\/descarga-15.jpeg","sizes":{"thumbnail":{"file":"descarga-15-150x150.jpeg","width":150,"height":150,"ewww_image_optimizer":"No hay ahorros","mime_type":"image\/jpeg","source_url":"http:\/\/argentinamunicipal.com.ar\/argentina\/wp-content\/uploads\/2014\/02\/descarga-15-150x150.jpeg"},"medium":{"file":"descarga-15-300x200.jpeg","width":300,"height":200,"ewww_image_optimizer":"No hay ahorros","mime_type":"image\/jpeg","source_url":"http:\/\/argentinamunicipal.com.ar\/argentina\/wp-content\/uploads\/2014\/02\/descarga-15-300x200.jpeg"},"post-thumbnail":{"file":"descarga-15-50x50.jpeg","width":50,"height":50,"ewww_image_optimizer":"No hay ahorros","mime_type":"image\/jpeg","source_url":"http:\/\/argentinamunicipal.com.ar\/argentina\/wp-content\/uploads\/2014\/02\/descarga-15-50x50.jpeg"},"full":{"file":"descarga-15.jpeg","width":609,"height":407,"mime_type":"image\/jpeg","source_url":"http:\/\/argentinamunicipal.com.ar\/argentina\/wp-content\/uploads\/2014\/02\/descarga-15.jpeg"}},"image_meta":{"aperture":0,"credit":"","camera":"","caption":"","created_timestamp":0,"copyright":"","focal_length":0,"iso":0,"shutter_speed":0,"title":"","resized_images":["400x200","400x225_c","800x450_c","1200x762_c","2400x1524_c","600x330_c"]},"ewww_image_optimizer":"Reducido a 3.4% (1,2&nbsp;kB)"},"post":2340,"source_url":"http:\/\/argentinamunicipal.com.ar\/argentina\/wp-content\/uploads\/2014\/02\/descarga-15.jpeg","_links":{"self":[{"href":"http:\/\/argentinamunicipal.com.ar\/argentina\/wp-json\/wp\/v2\/media\/2341","targetHints":{"allow":["GET"]}}],"collection":[{"href":"http:\/\/argentinamunicipal.com.ar\/argentina\/wp-json\/wp\/v2\/media"}],"about":[{"href":"http:\/\/argentinamunicipal.com.ar\/argentina\/wp-json\/wp\/v2\/types\/attachment"}],"author":[{"embeddable":true,"href":"http:\/\/argentinamunicipal.com.ar\/argentina\/wp-json\/wp\/v2\/users\/1"}],"replies":[{"embeddable":true,"href":"http:\/\/argentinamunicipal.com.ar\/argentina\/wp-json\/wp\/v2\/comments?post=2341"}]}}

<p>DESDE 2006. HACE OCHO AÑOS QUE SE CREÓ, Y LAS OBRAS Y SERVICIOS AÚN NO LLEGAN.</p>
