{"id":2342,"date":"2014-02-27T10:18:53","date_gmt":"2014-02-27T13:18:53","guid":{"rendered":"http:\/\/argentinamunicipal.com.ar\/argentina\/wp-content\/uploads\/2014\/02\/descarga-22.jpeg"},"modified":"2014-02-27T10:18:53","modified_gmt":"2014-02-27T13:18:53","slug":"descarga-2-4","status":"inherit","type":"attachment","link":"http:\/\/argentinamunicipal.com.ar\/argentina\/los-barrios-del-norte-de-la-ciudad-de-santa-fe-aislados-por-el-mal-estado-de-las-calles\/descarga-2-4\/","title":{"rendered":"descarga (2)"},"author":1,"featured_media":0,"comment_status":"closed","ping_status":"closed","template":"","meta":[],"class_list":["post-2342","attachment","type-attachment","status-inherit","hentry"],"description":{"rendered":"<p class=\"attachment\"><a href='http:\/\/argentinamunicipal.com.ar\/argentina\/wp-content\/uploads\/2014\/02\/descarga-22.jpeg'><img loading=\"lazy\" decoding=\"async\" width=\"610\" height=\"406\" src=\"http:\/\/argentinamunicipal.com.ar\/argentina\/wp-content\/uploads\/2014\/02\/descarga-22.jpeg\" class=\"attachment-full size-full\" alt=\"\" srcset=\"http:\/\/argentinamunicipal.com.ar\/argentina\/wp-content\/uploads\/2014\/02\/descarga-22.jpeg 610w, http:\/\/argentinamunicipal.com.ar\/argentina\/wp-content\/uploads\/2014\/02\/descarga-22-300x199.jpeg 300w\" \/><\/a><\/p>\n"},"caption":{"rendered":"<p>EN BARRIO POLICIAL. AQU\u00cd, LA L\u00cdNEA 18 CAMBIO SU PARADA PORQUE NO POD\u00cdA ENTRAR.<\/p>\n"},"alt_text":"","media_type":"image","mime_type":"image\/jpeg","media_details":{"width":610,"height":406,"file":"2014\/02\/descarga-22.jpeg","sizes":{"thumbnail":{"file":"descarga-22-150x150.jpeg","width":150,"height":150,"ewww_image_optimizer":"No hay ahorros","mime_type":"image\/jpeg","source_url":"http:\/\/argentinamunicipal.com.ar\/argentina\/wp-content\/uploads\/2014\/02\/descarga-22-150x150.jpeg"},"medium":{"file":"descarga-22-300x199.jpeg","width":300,"height":199,"ewww_image_optimizer":"No hay ahorros","mime_type":"image\/jpeg","source_url":"http:\/\/argentinamunicipal.com.ar\/argentina\/wp-content\/uploads\/2014\/02\/descarga-22-300x199.jpeg"},"post-thumbnail":{"file":"descarga-22-50x50.jpeg","width":50,"height":50,"ewww_image_optimizer":"No hay ahorros","mime_type":"image\/jpeg","source_url":"http:\/\/argentinamunicipal.com.ar\/argentina\/wp-content\/uploads\/2014\/02\/descarga-22-50x50.jpeg"},"full":{"file":"descarga-22.jpeg","width":610,"height":406,"mime_type":"image\/jpeg","source_url":"http:\/\/argentinamunicipal.com.ar\/argentina\/wp-content\/uploads\/2014\/02\/descarga-22.jpeg"}},"image_meta":{"aperture":0,"credit":"","camera":"","caption":"","created_timestamp":0,"copyright":"","focal_length":0,"iso":0,"shutter_speed":0,"title":""},"ewww_image_optimizer":"Reducido a 3.7% (1,9&nbsp;kB)"},"post":2340,"source_url":"http:\/\/argentinamunicipal.com.ar\/argentina\/wp-content\/uploads\/2014\/02\/descarga-22.jpeg","_links":{"self":[{"href":"http:\/\/argentinamunicipal.com.ar\/argentina\/wp-json\/wp\/v2\/media\/2342","targetHints":{"allow":["GET"]}}],"collection":[{"href":"http:\/\/argentinamunicipal.com.ar\/argentina\/wp-json\/wp\/v2\/media"}],"about":[{"href":"http:\/\/argentinamunicipal.com.ar\/argentina\/wp-json\/wp\/v2\/types\/attachment"}],"author":[{"embeddable":true,"href":"http:\/\/argentinamunicipal.com.ar\/argentina\/wp-json\/wp\/v2\/users\/1"}],"replies":[{"embeddable":true,"href":"http:\/\/argentinamunicipal.com.ar\/argentina\/wp-json\/wp\/v2\/comments?post=2342"}]}}

<p>EN BARRIO POLICIAL. AQUÍ, LA LÍNEA 18 CAMBIO SU PARADA PORQUE NO PODÍA ENTRAR.</p>
